True
Is 559798239 a multiple of 1703?
True
Is 332235411 a multiple of 193?
True
Does 9828 divide 2116437997?
False
Does 171 divide 16075368?
True
Is 3304 a factor of 170906008?
True
Does 3738 divide 5200014036?
True
Does 116 divide 758868056?
True
Is 9154 a factor of 1691512736?
True
Does 25 divide 512896084?
False
Does 2506 divide 33891313?
False
Does 258 divide 1818796335?
False
Does 2 divide 187153734?
True
Does 4 divide 420568464?
True
Is 1425172842 a multiple of 267?
True
Is 787983553 a multiple of 3289?
False
Does 203 divide 1792233102?
False
Is 112515048 a multiple of 24?
True
Does 57 divide 2398126011?
False
Is 149 a factor of 11838294?
False
Is 2685 a factor of 135960345?
True
Does 1451 divide 653976161?
False
Is 119 a factor of 8221115?
True
Is 82725240 a multiple of 120?
True
Is 82380510 a multiple of 1104?
False
Does 260 divide 864760?
True
Is 48 a factor of 214620869?
False
Is 506 a factor of 89970247?
False
Does 5706 divide 2889957762?
True
Does 91 divide 509289781?
True
Is 55487832 a multiple of 242?
False
Is 376378291 a multiple of 73?
True
Does 16 divide 451802512?
True
Does 41 divide 29742999?
True
Does 9 divide 763426952?
False
Is 13413402 a multiple of 100?
False
Is 8923176 a multiple of 436?
True
Does 1446 divide 29773978?
False
Is 414528810 a multiple of 15?
True
Does 3692 divide 453994164?
True
Is 38 a factor of 813678252?
False
Is 75608871 a multiple of 547?
False
Is 5698818 a multiple of 73?
True
Is 43157181 a multiple of 117?
False
Is 96097995 a multiple of 7?
True
Is 14 a factor of 52837904?
True
Is 243393584 a multiple of 117?
False
Is 7864017 a multiple of 21?
True
Does 59 divide 124937794?
False
Is 480944355 a multiple of 228?
False
Does 16 divide 487340?
False
Does 7 divide 1433772?
False
Does 370 divide 506814900?
True
Is 4187 a factor of 299159298?
False
Is 3418647 a multiple of 942?
False
Is 120328537 a multiple of 338?
False
Is 36142689 a multiple of 131?
False
Is 2948 a factor of 6391264?
True
Does 1273 divide 10974342?
False
Does 14 divide 224489076?
True
Does 15 divide 16731225?
True
Is 1692945205 a multiple of 552?
False
Is 77634204 a multiple of 12?
True
Is 11 a factor of 7812211?
True
Is 59 a factor of 140867810?
True
Is 11 a factor of 403698258?
False
Is 4443212 a multiple of 528?
False
Is 2103 a factor of 337052908?
False
Does 12 divide 28665893?
False
Does 51 divide 1217086338?
True
Is 17995241 a multiple of 4?
False
Does 8 divide 53826633?
False
Is 1350877844 a multiple of 496?
False
Is 198348502 a multiple of 356?
False
Does 222 divide 6050610?
True
Is 26692789 a multiple of 29?
True
Does 14 divide 687641179?
False
Is 159131496 a multiple of 123?
True
Is 435 a factor of 18362220?
True
Is 174 a factor of 33504222?
True
Does 363 divide 44425392?
True
Is 135080764 a multiple of 28?
True
Is 329 a factor of 296778727?
True
Is 361 a factor of 14030781?
False
Is 171707891 a multiple of 1201?
False
Is 8769563 a multiple of 11?
True
Is 38941866 a multiple of 102?
True
Is 1185 a factor of 125096292?
False
Does 49 divide 518196952?
True
Does 12 divide 18363396?
True
Does 251 divide 28283182?
True
Does 6902 divide 4723666682?
True
Does 7303 divide 1418772517?
False
Does 171 divide 1177208118?
True
Is 61022714 a multiple of 111?
False
Is 2153066818 a multiple of 5385?
False
Does 19 divide 8361539?
True
Is 4 a factor of 109932606?
False
Is 225562991 a multiple of 1048?
False
Does 21 divide 438796176?
True
Is 83242593 a multiple of 1269?
True
Is 130581646 a multiple of 827?
True
Does 617 divide 12807069?
True
Is 5912 a factor of 3128439731?
False
Is 119193522 a multiple of 497?
True
Does 40 divide 984880?
True
Is 132 a factor of 275287320?
True
Is 23260385 a multiple of 14?
False
Is 91484709 a multiple of 453?
True
Is 17 a factor of 103147877?
False
Is 21 a factor of 107005732?
False
Is 1648 a factor of 1855516160?
True
Is 5557581 a multiple of 325?
False
Is 5578 a factor of 934863501?
False
Does 241 divide 69483585?
False
Is 266 a factor of 63479944?
False
Does 10 divide 127527131?
False
Is 6789 a factor of 258674478?
True
Does 561 divide 1646214396?
False
Is 4 a factor of 4026416?
True
Does 7 divide 71239301?
True
Is 150470847 a multiple of 42?
False
Is 5030 a factor of 452596406?
False
Does 1195 divide 378000746?
False
Is 31 a factor of 100213976?
False
Is 1191 a factor of 2119980?
True
Is 23870388 a multiple of 12?
True
Is 46222084 a multiple of 6?
False
Is 5 a factor of 12190890?
True
Does 4 divide 55273390?
False
Does 53 divide 73224293?
False
Is 481352436 a multiple of 260?
False
Does 495 divide 115274610?
True
Does 10 divide 85985440?
True
Is 142583941 a multiple of 1768?
False
Does 72 divide 63989352?
True
Does 66 divide 1947348612?
True
Is 327962712 a multiple of 12?
True
Is 24 a factor of 2635999800?
True
Is 54835614 a multiple of 369?
True
Is 32719947 a multiple of 559?
True
Does 33 divide 771480965?
False
Does 8 divide 118307885?
False
Is 5193221330 a multiple of 22?
True
Does 627 divide 185030208?
True
Does 11 divide 7783933?
False
Is 627610546 a multiple of 19?
True
Is 3781 a factor of 258359511?
True
Does 852 divide 25583856?
True
Is 844 a factor of 1374075888?
True
Is 1404875 a multiple of 11?
False
Does 13 divide 313080523?
False
Is 3389971306 a multiple of 2589?
False
Is 30092559 a multiple of 152?
False
Does 294 divide 490659976?
False
Is 7972852 a multiple of 274?
True
Is 19032740 a multiple of 4?
True
Does 3855 divide 899514135?
True
Does 6 divide 10937742?
True
Is 28 a factor of 31039094?
False
Is 627 a factor of 21119317?
False
Is 159 a factor of 8965056?
True
Does 7 divide 1740776?
False
Is 10 a factor of 80421922?
False
Is 5969067104 a multiple of 12403?
False
Does 15 divide 1713198418?
False
Does 573 divide 20054228?
False
Does 40 divide 3125800?
True
Is 7 a factor of 40586735?
True
Does 87 divide 517745700?
True
Does 87 divide 2835399861?
True
Does 143 divide 225006067?
True
Is 193352075 a multiple of 95?
True
Does 10 divide 82546520?
True
Is 2501884 a multiple of 77?
True
Is 1499 a factor of 3417968307?
False
Is 29239509 a multiple of 13?
True
Is 697 a factor of 96954094?
True
Is 15099084 a multiple of 117?
True
Is 3282 a factor of 96784331?
False
Is 421614003 a multiple of 31?
False
Is 91875564 a multiple of 209?
True
Is 75278720 a multiple of 2612?
False
Does 19 divide 82047553?
False
Does 14 divide 1950641559?
False
Is 7 a factor of 2273627129?
False
Does 1617 divide 22207878?
True
Does 15 divide 32276595?
True
Is 19112366 a multiple of 15?
False
Is 20196906 a multiple of 4?
False
Is 9 a factor of 88901973?
True
Does 1632 divide 119512760?
False
Does 6086 divide 1139232254?
True
Is 50 a factor of 53978300?
True
Is 73 a factor of 35514723?
False
Is 809147283 a multiple of 51?
True
Is 920917 a multiple of 31?
True
Does 40 divide 1596835?
False
Is 13 a factor of 89901292?
True
Does 505 divide 23860745?
True
Is 611 a factor of 589099420?
False
Is 16 a factor of 117391401?
False
Is 10 a factor of 269062470?
True
Does 167 divide 44218114?
False
Is 437 a factor of 1199544024?
True
Does 14 divide 72961477?
False
Is 144021595 a multiple of 1324?
False
Does 10776 divide 142372512?
True
Does 2411 divide 286166018?
False
Is 21089504 a multiple of 4592?
False
Is 4031 a factor of 709867162?
True
Does 118 divide 21776905?
False
Is 1214 a factor of 106291680?
False
Is 1358216895 a multiple of 53?
False
Does 52 divide 6747391?
False
Does 423 divide 32102739?
True
Does 445 divide 1727627950?
True
Is 566695276 a multiple of 14?
True
Is 113 a factor of 12163624?
False
Is 6870332880 a multiple of 80?
True
Does 8 divide 7994346?
False
Does 8528 divide 788355872?
False
Does 247 divide 4456868?
True
Is 19872710 a multiple of 110?
True
Is 8626263 a multiple of 10?
False
Is 894356208 a multiple of 13?
False
Is 1864541888 a multiple of 752?
True
Is 160 a factor of 74116800?
True
Is 168 a factor of 248858516?
False
Is 210803372 a multiple of 92?
True
Does 11 divide 6416982?
True
Is 1188 a factor of 482082084?
True
Is 117 a factor of 670583628?
True
Is 2 a factor of 388710?
True
Does 208 divide 63544208?
True
Is 26 a factor of 72423806?
True
Is 217335156 a multiple of 4?
True
Does 15322 divide 1491783630?
False
Does 88 divide 11716672?
True
Is 99 a factor of 24727824?
True
Is 6 a factor of 175557?
False
I